when 39 is divided by j?
11
Suppose -12 - 3 = -3*i, -5*i - 14 = -3*j. Let o be (1 - 1)/(-14 + j). Calculate the remainder when 1 - o*(-4)/8 is divided by 1.
0
Suppose 2*v - 14 = -2*q, -4*v + q + 11 + 17 = 0. Suppose -z + 2 = -1. Suppose z*g - 5 - v = 0. Calculate the remainder when 9 is divided by g.
1
Suppose 3*d - 4 = 14. Let x(g) = g**2 - 7*g + 23. What is the remainder when x(6) is divided by d?
5
Suppose -118 = -2*j + 4*r, -4*r = j - 0*r - 41. Let d = j - 16. Let m = 26131 - 26112. Calculate the remainder when d is divided by m.
18
Let n = 16 - 12. Let k be 2/((-1)/(-12)*n). Let l = -2 + k. What is the remainder when 10 is divided by l?
2
Let p be -8*(2/8 - 1). Let l = 6 + p. Suppose u - 42 = 5. What is the remainder when u is divided by l?
11
Let t(z) be the second derivative of z**3/2 - 8*z**2 - 7*z. What is the remainder when 5 is divided by t(6)?
1
Suppose -138*y = -125*y - 910. Calculate the remainder when 177 is divided by y.
37
Let b = -50 - -52. Suppose 0 = 3*z + 2*z + b*x - 68, -2*z = 5*x - 44. Calculate the remainder when 82 is divided by z.
10
Suppose -32 = 28*x - 32*x. Suppose -2*h = 7*t - 3*t - 28, 3*h - 4*t + x = 0. What is the remainder when 37 is divided by h?
1
Suppose -14*p - 8 + 50 = 0. What is the remainder when 11 is divided by p?
2
Suppose -3*g - 59 = 5*u, -2 = -3*u - 4*g - 33. Let q = 16 + u. Let j = 77 - q. Calculate the remainder when j is divided by 19.
17
What is the remainder when (117/(-15) + (-7)/35)*-6 is divided by 14?
6
Suppose 22 = 2*p - 38. Calculate the remainder when 57 is divided by p.
27
Suppose y - 110 + 43 = -2*v, 0 = 5*v + 3*y - 168. What is the remainder when 454 is divided by v?
25
Suppose -5*t + 52 = -168. Calculate the remainder when t is divided by 15.
14
Suppose 7*h + 165 = 8*h. Suppose 3*n + 3*x = h, -n - 5*x = n - 122. What is the remainder when n is divided by 35/2 + (-3)/(-6)?
15
Let u = -28 + 40. Let f(x) = -27 + 9*x**3 - 8*x**3 - 12*x**2 + 0*x**3 + 5*x. Calculate the remainder when f(12) is divided by u.
9
What is the remainder when 267 is divided by ((-32)/(-24))/(8/90)?
12
Suppose 2*l + l + 327 = 0. Let n = 125 + l. Let d = -5 + 35. Calculate the remainder when d is divided by n.
14
Let h(p) = p - 2. Let k be h(5). Suppose -2*w - 4*q = -7*q - 81, -k*q - 129 = -3*w. Let y = -130 - -147. What is the remainder when w is divided by y?
14
Let x = 122 + -74. Suppose -6*k = -2*k + 2*i - 76, 2*i = 4*k - 68. Calculate the remainder when x is divided by 13 - (3/(-6))/((-3)/k).
8
Let x(o) = -o**3 - 6*o**2 - 4*o - 15. Let g be x(-6). Let h(m) = -m**2 + 9*m + 21. What is the remainder when h(g) is divided by 9?
3
Let b(x) = x**3 - 8*x**2 - 9*x - 36. What is the remainder when 147 is divided by b(10)?
73
Let j(d) be the third derivative of d**6/30 + d**5/20 - d**4/8 - 24*d**2. What is the remainder when j(2) is divided by 10?
8
Let z be (1 - -1) + (0 - -12). Suppose 0 = 5*h - 6 - z. What is the remainder when 9 is divided by h?
1
Let c(t) = 10*t**2 - 1. What is the remainder when c(-1) is divided by (4 - 9)*(-12)/10?
3
Let x = 28 - 10. Let d be ((-18)/(-2))/((-2)/(-10)). Calculate the remainder when (d/25 - -5)/(3/30) is divided by x.
14
Suppose -21*s + 1720 = -13*s. Calculate the remainder when s is divided by 24.
23
Let r(y) be the first derivative of -y**3/3 + 11*y**2/2 - 15*y + 29. What is the remainder when 77 is divided by r(7)?
12
Let q be -6 + 64/12 + 28/6. Suppose 107 = q*l - 53. What is the remainder when l is divided by 22?
18
Let s = 112 - 86. Suppose 69 + 34 = n. Calculate the remainder when n is divided by s.
25
Let z(m) = m**2 - 21*m + 385. Calculate the remainder when z(24) is divided by 33.
28
Calculate the remainder when (-152)/(-6) - (-4)/6 is divided by 20/(-15)*(0 - (-45)/10) + 16.
6
Let u be 8*(-2 + 12/8 + 1). Suppose l - 47 = -5*q, -q + 0*l = 2*l - u. Calculate the remainder when q is divided by 4.
2
Let d = -9 + 18. Let y(p) = p**3 - 5 - 1 + 5 + 6*p - 6*p**2. Calculate the remainder when y(6) is divided by d.
8
Suppose -d - 31 + 130 = 0. Let g(a) = -3*a**3 + 2*a**2 + 3*a - 1. Let i be g(3). Let y = i + d. Calculate the remainder when y is divided by 15.
14
Let t be (-55)/(-4) - (-23)/92. Let v be ((-7)/t)/((-2)/4). What is the remainder when 36 is divided by ((-13)/(-2))/v*2?
10
Let y be (258/(-9))/((-6)/9). Let f = -19 + y. Calculate the remainder when f is divided by 5.
4
Suppose 215*m + 20 = 219*m, 0 = -3*v + 4*m + 1111. Calculate the remainder when v is divided by 32.
25
Suppose -2*j + 7*j - 90 = 3*s, -120 = -5*j - 3*s. Calculate the remainder when 1 + (0 - -104)/2 is divided by j.
11
Let w = -638 - -645. What is the remainder when 74 is divided by w?
4
Let r(x) = 47*x**2 - 3*x**3 - 3 - 23*x**2 - 2*x + 0*x**3 - 25*x**2. What is the remainder when 56 is divided by r(-2)?
14
Suppose 0 = 2*c + 3*c - 640. Suppose -14*i + c = -12*i. Calculate the remainder when i is divided by 33.
31
Let x(a) = a**3 + 5*a**2 - 7*a + 7. Let k be x(-6). Suppose -5*g + 53 = 4*c, 2*g - k = c + 3. Let z = -6 + g. What is the remainder when z is divided by 1?
0
Let b(l) = l**3 - 2*l**2 - 3*l - 2. Let i be b(4). What is the remainder when 195 is divided by (33/9)/(2/i)?
30
Let w(o) = o**2 - 10*o + 17. Let f be w(7). Suppose -5*n + 5*v = -255, 4*n + 0*v = -4*v + 204. What is the remainder when n is divided by (18/f)/(4/(-8))?
6
Suppose -2*p + p - 511 = -w, -1037 = -2*w - 3*p. What is the remainder when w is divided by 47?
44
What is the remainder when (2233/6)/7 - (-1)/(-6) is divided by 14?
11
Let g = 21 - 17. Suppose -4*j + 59 = 5*f + g, 4*j - 11 = -f. Suppose 0 = -4*u + 131 - f. Calculate the remainder when u is divided by 16.
14
Let g(h) = 2*h - 1. What is the remainder when g(12) is divided by 15?
8
Let t = 55 + -52. Suppose 11 = -2*j - 2*m + 41, -5*j = t*m - 81. What is the remainder when 47 is divided by j?
11
Suppose -4*z = -j - 2511, 2*j = -3*z - 481 + 2378. What is the remainder when z is divided by 45?
44
Let z = -169 - -422. What is the remainder when z is divided by 44?
33
Let f(p) = -39*p**3 - 2*p**2 + 4*p + 5. Let t be f(-2). What is the remainder when 86 is divided by 3/6 - t/(-14)?
20
What is the remainder when 207 is divided by (-54 - -114) + (13 + -1)/(-2)?
45
Let a = 641 + -44. What is the remainder when a is divided by 46?
45
Suppose 0 = -t - 2*t - 12. Let z = 25 - t. Let j = z + -13. What is the remainder when 46 is divided by j?
14
Suppose 0 = -2*n - 2 + 8. Calculate the remainder when (4 - 81/(-15)) + 3/5 is divided by n.
1
Let b be 1 - (2 + (-3 - -3)). Let p = b - -29. Calculate the remainder when p is divided by 15.
13
Suppose 14*h - 193 = 143. What is the remainder when h is divided by 2?
0
Let u(p) = -1 + 4 + 31*p**2 - 6 + 4. What is the remainder when u(2) is divided by 42?
41
Suppose 4*i - 30 - 10 = 0. Let l be i/15*(0 + 6). Suppose -132 = -l*y - 4*a, -y + 9 = -a - 16. What is the remainder when y is divided by 15?
14
Suppose -16*v = 3*x - 13*v - 987, -4*v + 1649 = 5*x. What is the remainder when x is divided by 104?
21
Suppose -8*v - 28*v = -1224. What is the remainder when 94 is divided by v?
26
Suppose 0 = l - 5, 3*l + 28 = 4*c - l. Suppose -4*q + c = -8. What is the remainder when 54 is divided by 28/35 + 66/q?
12
Suppose -2*l - 3*y = -8, -6*l + 2*l + 38 = -5*y. Let q(i) = -i**2 + 3*i + 5. Let f be q(6). Let m = 39 + f. What is the remainder when m is divided by l?
5
Let k(g) = g**2 + 30*g - 541. What is the remainder when 88 is divided by k(14)?
13
Let t = -19 - -8. Let q(z) = -z**3 - 10*z**2 + 8*z - 7. Calculate the remainder when 100 is divided by q(t).
22
Let i(x) = 3*x + 6. Let n be i(-4). Let k(w) = -w**3 - 17*w**2 - 9*w - 125. What is the remainder when (0 - (-327)/n)*-2 is divided by k(-17)?
25
Suppose 6*o - 73 = 245. What is the remainder when 208 is divided by o?
49
Suppose -4*w - 16 = -0*w. Let y(f) = -5*f - 8. Let b be y(w). Suppose b = j - 5. What is the remainder when 33 is divided by j?
16
Let m = 34 + -36. What is the remainder when 45/m*((-120)/(-9))/(-4) is divided by 20?
15
Let x be (-12)/9*3/(-2). Suppose -x*c + c + 21 = 0. What is the remainder when c is divided by (-2)/9 - 202/(-18)?
10
Suppose 3*s - 2*s + 5*o = 51, 0 = 2*s + 5*o - 102. Calculate the remainder when s is divided by 3.
0
Let t(v) = 55*v**2 - 4*v + 2. What is the remainder wh